-53
-21 + 54 - -18 - (-8 + 4 - -3)
52
Evaluate -27 + -20 - -38 - -22.
13
What is -2 + -1 + -1 - (-738 + 723) - 88?
-77
-8 + -23 + 5 + -12 + (9 - 0)
-29
What is (34 - 13) + (31 - (-2 - 11))?
65
What is the value of -18 + (-14 - 16) + 64 + -11?
5
What is the value of (-22 - -22) + -13 + 0 + -7 + 13 + 19?
12
Evaluate -8 - 0 - (-15 - -43 - 82).
46
(14 - 5) + (-111 - (12 - 17)) + 11 - -3
-83
Calculate -14 + (-76 + 93 - ((-6 - -68) + 5)).
-64
What is the value of 61 - (202 - (105 - -10))?
-26
Calculate 28 - ((17 - (28 + -6)) + 12).
21
Evaluate (17 - 37) + 16 - (6 + 0 + 2 + -3).
-9
-1 - -8 - ((110 - -28) + -161)
30
What is the value of 16 - ((133 - -3) + -105 + 86 - 16)?
-85
Calculate -1 - (-46 + (5 - 7) - 1) - (114 + -119).
53
Evaluate -44 + 0 - (-3083 - -3039).
0
What is the value of 12 + -22 + 92 + 2 + (-1 - 1) + 1?
83
What is the value of 56 + 7 + (-15 - 6) + 12 + -2?
52
What is -13 + (-45 + 109 - 121)?
-70
What is -6 - (-10 - (-22 - -12) - ((3 - 1) + 10))?
6
Evaluate 36 - (12 + 9 + (-96 - -161)).
-50
What is (-5 + -4 + 14 - -57) + -15 + 13?
60
Evaluate 56 - (16 + -7 + 10 - 5).
42
-28 - ((-33 - -26 - -1) + -42)
20
Calculate 13 + 61 - (192 + -132).
14
Calculate 14 + 145 + -1 + -28 + -12.
118
What is -2473 - -2508 - (27 + 2)?
6
Evaluate (44 - (-25 + 12)) + 13 - (-8 - (-1 + -12)).
65
0 - 27 - (-267 - -150 - -49)
41
Evaluate -3 - (98 + -23 + -163).
85
What is the value of (40 - 2) + -38 - (5 + -35 - 4)?
34
Calculate -5 + (-4 - (2 - (4 - -10))) + -142 + 199.
60
Calculate (216 - 214) + (-1 + -1 - -1) - (61 - -1).
-61
What is -534 + 500 - (0 - 37)?
3
Evaluate -250 - -184 - (-15 - -32).
-83
14 + -52 + -3 + 100
59
What is the value of 29 + 6 - (-16 + (2 - (-9 + 9 - 4)))?
45
-52 + (-1 + -3 + -19 + 24 - (-11 + 11))
-51
What is 7 - (7 + -3) - (16 + -10 + -14) - -18?
29
Calculate 50 + -41 + 96 + -88.
17
25 - (24 + -37 - -64) - -26
0
Evaluate (-9 - 71 - 32) + 81.
-31
What is 9 - ((-34 - -38) + -35) - (12 + 0)?
28
Evaluate -3 + -121 + (-59 - -49) + (10 - -20).
-104
Calculate 598 - 614 - (4 + 0 + -1 - 9).
-10
What is (-9 - 2) + (-69 - 2) + (798 - 777)?
-61
Evaluate -3 + -17 + -3 - (139 + -153).
-9
What is the value of 150 + -141 - (-7 + 12 + (-4 - (3 - 6)))?
5
Evaluate (0 - 58) + 2103 + -2086.
-41
What is -48 + (112 - (55 + -42))?
51
What is the value of (-95 - (63 + 7)) + 233?
68
What is the value of (7 - ((11 - 5) + 8 + -13 + -40)) + 1?
47
What is 1983 + -1988 + (-29 + (0 - 0) - -2)?
-32
-252 + 235 - (34 - 0)
-51
Evaluate (8 - (55 - 35) - (1 + 1)) + -15.
-29
What is 39 + (-60 - -22) - -46?
47
-62 + -82 + -90 + 182
-52
(12 - (-29 + 40) - (1 - (-8 + 1))) + 34
27
Evaluate -21 + -12 - (-169 - -120).
16
(14 - (-119 - -86)) + -114
-67
-9 + (-1 - -30) + -1 + 1797 + -1798
18
Calculate -32 + (-43 - -81 - 24) + 1 + -47.
-64
(7 - -2) + -9 + -11 - (40 - 22)
-29
Calculate (16 - 100 - -79) + 1 + 40.
36
-6 + (18 - (11 + -10)) + -43
-32
Evaluate (78 - (-81 + 175)) + -42.
-58
Calculate -73 + 0 + (18 - (7 + -30 + 10)) + -36.
-78
-61 - (-158 + (72 - 41))
66
1 + -80 + (-2090 - -2199)
30
What is (-25 - -18 - (14 + 2)) + -66?
-89
5 - 12 - (-7 - 15) - (123 + -93)
-15
Evaluate 47 + -55 + 33 - 53.
-28
Evaluate (-56 - -35) + -56 + 39.
-38
Evaluate 47 - (190 - 68 - 54).
-21
35 - (-21 - 8) - 60
4
Evaluate -1 + 8 + -15 + -42 + 89 + 0.
39
(1 + -8 - (-118 - -133)) + -6 + (0 - -11)
-17
Evaluate 23 + 33 + -11 + -51 - 53.
-59
394 + -449 - (-16 - 0)
-39
(-13 - (-23 + -17)) + -12 + -27
-12
What is the value of (95 - -190) + -75 - 158?
52
Evaluate -9 + (11 - 4 - (3 - (13 + -16))) + -2.
-10
What is 59 + 17 + 8 + -83?
1
What is 1 - -27 - (16 - 51 - -33)?
30
130 + -110 - (3 + -24) - (-8 + 0)
49
-25 + -6 + (6 - (-4 + -8))
-13
What is the value of 19 + (19 - 12) + -13 - -69?
82
(-8 - -1) + (56 - 39) - 22
-12
Calculate 66 - (5 + -5 + 15 + 17).
34
Calculate -100 + 20 + 70 + -63.
-73
-6 - ((-37 + -125 - (-60 + 21)) + (1 - 1))
117
What is -87 - (-2 - 9) - -25?
-51
Evaluate (36 - -81) + -59 - 75.
-17
What is the value of 43 + 0 + (-24306 - -24327)?
64
Calculate (-4 + 1 - -35) + 404 + -379.
57
4 + 4 + -22 + -3 + (-97 - -106)
-8
Evaluate (-5 - (-12 + -21 + 31 + 51 + 1)) + 10.
-45
What is 8 + (5 - 12) + -27 + 11 + 4 + -81?
-92
What is 67 + (-10 - -22) + 1 - (-15 - -10)?
85
-8 - -17 - 2 - (13 + (-4 + 8 - 1))
-9
What is 10 + 12 + -22 + (-10 - -1) + 12?
3
Evaluate (63 + -21 - (2 + (-6 - -2))) + (1 - 4).
41
-44 - (-102 + 47 + -18)
29
Calculate 11 + (13 + 0 - 33) - -29 - -10.
30
Evaluate 128 - ((25 - -72) + 129).
-98
What is the value of -1046 + 1083 - (-2 + 1 + -2)?
40
Evaluate (-27 - -9) + -11 + -1 + 38.
8
What is the value of (1 - -28) + 7 + (7 - (-7 + 12 + 8))?
30
What is 25 - (0 + 5 - (16 - (-14 + 12)))?
38
Evaluate (4 - (11 + -3 + -2)) + (33 + 0 - -7).
38
What is the value of 7 - (-11 + 78 - (45 - 45))?
-60
(-1328 - -1283) + (0 - -19) + 0
-26
What is the value of 14 - (1 + (-52 - -12) + -6)?
59
What is the value of 22 - (57 + 4 + -34)?
-5
What is (9 + -24 - 6) + 27?
6
39 + -9 + 8 + (11 - -1) + -10
40
Calculate -197 + -25 + 230 - (-2 + 4 + -50).
56
What is the value of 31 - ((12 - (24 + -22)) + 4)?
17
(-1 - 59) + (22 - -16) + -33
-55
Evaluate -28 + (-1047 + 1038 - (0 - (1 + 5))).
-31
What is the value of (-29 - (5 - (52 + -3))) + -15?
0
Evaluate (10 - (46 + -82)) + -12.
34
Calculate 68 - ((165 - 86) + -19).
8
Calculate (-4 - ((18 - 112) + 24)) + -11 + 4 + 0.
59
What is -6012 + 5940 - (1 + -73)?
0
-28 - ((-68 - (-18 - -16)) + 36)
2
Calculate -15 + 5 - (-61 - (1 + 4)) - -9.
65
What is (30 - 2) + (-2155 - -2133)?
6
7 + -1 + (-4 - 9) + 13
6
What is 51 + -23 + 49 + (-28 - 3)?
46
Calculate 64 + (-78 - -15) - (0 + -18).
19
4 + -4 - -6 - (-40 - -81 - 30)
-5
Evaluate 7 + 38 + (48 - 100).
-7
What is -22 + 12 + 13 + -9 + -12?
-18
Evaluate 101 + -26 + -9 + (21 - 17).
70
What is 15 + (2 - 4) + (-915 - -952) - (9 - -2)?
39
Calculate 2 - 56 - (-3395 - -3275).
66
Evaluate (1 - -3) + (0 - -19 - (619 + -607)).
11
What is 43 - (230 - 116) - -62?
-9
(-3 - -15) + (-9 - (-5 - -6) - (-3 + 5))
0
23 - 26 - (39 + -12 + -26)
-4
Evaluate 1660 + -1793 + -1 + 1.
-133
(28 - (5 + -9)) + (-766 - -707)
-27
(39 - 8) + -70 + (-4 - 18)
-61
What is the value of -5 + (-5 - -8) + (9 - (11 + -6)) + -46?
-44
What is -29 + 80 + -6 + -5 + 4 + -1?
43
What is 11 + -12 + (9 - 22) + 5 - 70?
-79
-11 + (-4 + 13 - -7) + -1 + -18 + 12
-2
17 - (7 - (-14 + (20 - 34)))
-18
What is the value of -5 + (301 + -281 - (12 - 2))?
5
What is the value of 40 + -63 - (-9 + -30 + 49)?
-33
What is the value of (95 - 170) + (-8 - (-10 + -5))?
-68
24 + (-40 - -41 - 73)
-48
Calculate 6 + (-16 - (-17 + 0 - -4)) + -18.
-15
(-105 + 75 - -47) + -82
-65
What is the value of (-11958 - -11956) + -35 + (2 - 2) + -1?
-38
What is (60 - 49) + (26 - 5 - 47)?
-15
What is 9 + -1 + (-20 - (0 + -13)) + 1?
2
Evaluate (279 - 290) + (20 - -4).
13
Calculate 81 - (-4 + -1 - (23 - 34 - -11)).
86
Calculate (-11 + 31 - 13) + 1 + -9 + -5 + 0.
-6
What is the value of (-13 - 29) + 37 - 0?
-5
Evaluate -33 + 16 + (2 - (-8 + 34)).
-41
What is the value of -8 + -4 - (14 - (9 + 71 - -14))?
68
(-5 - (0 + 12 + -180 + 151) - 19) + -30
-37
-6 + (0 - -3) + 1 + -17 + (304 - 184)
101
(-161 - (-16 - 75)) + 43
-27
What is -1 + -14 + -33 + 27 + -2 + -46?
-69
Calculate -61 + -35 + 109 + (-16 - -2) + -1.
-2
What is the value of -10 + -2 + (-156 - -74) + 80?
-14
27 + 53 - 16 - ((2 - 2) + -5 + 8)
61
Evaluate -22 + 103 + -21 + -117.
-57
What is 26 + (68 - 1) + -94 + 76?
75
What is -44 + 32 + (7 - 9) + 13 + 5?
4
What is the value of (-9 - (5 - 32 - -83) - 11) + -3 + 1?
-78
What is the value of 15 - ((74 - 153) + 57 - (-15 + 2 + 0))?
24
Calculate (17 - ((10 - -28) + -22)) + 109.
110
16 - (-39 + 35 - -60)
-40
What is -15 + (14 - (-1 + -15 + 5)) + 42?
52
Evaluate 15 - (18 + -19 + 44) - 14.
-42
Evaluate 8 - ((-37 - -140) + -91).
-4
-32 + 4 - -2 - -52 - -31
57
What is 54 + -20 + (24 - 9) + -16?
33
-50 - (22 + (14 - 90))
4
What is the value of -6 - -26 - (49 + -30 - 5)?
6
Calculate -99 + (80 - -19) - (41 - -2).
-43
What is the value of 36 + -30 + -4 + 24?
26
Calculate (-8 - (-10 - (-17 - -20))) + -10 + -69.
-74
-30 + (-97 - -43 - -126)
42
What is the value of (7 - 4 - -15) + (44 - (10 - -98))?
-46
What is the value of 29 - (20 + 35 - 34)?
8
Evaluate 9 + (-99 - -24) + -6.
-72
Calculate (62 + -66 - (5 + -22)) + (-4 - -118).
127
